{"id":15548,"date":"2023-03-02T20:29:48","date_gmt":"2023-03-02T17:29:48","guid":{"rendered":"http:\/\/filiktekstil.com\/?page_id=15548"},"modified":"2023-10-25T00:13:15","modified_gmt":"2023-10-24T21:13:15","slug":"cevre-politikasi","status":"publish","type":"page","link":"https:\/\/filiktekstil.com\/?page_id=15548&lang=tr","title":{"rendered":"\u00c7EVRE POL\u0130T\u0130KASI"},"content":{"rendered":"<p>[vc_row css=&#8221;.vc_custom_1677777810627{margin-top: 50px !important;}&#8221;][vc_column width=&#8221;1\/2&#8243;][vc_single_image image=&#8221;16168&#8243; img_size=&#8221;full&#8221;][\/vc_column][vc_column width=&#8221;1\/2&#8243;]<div id=\"ultimate-heading-21369e74b7bec12a\" class=\"uvc-heading ult-adjust-bottom-margin ultimate-heading-21369e74b7bec12a uvc-3713  uvc-heading-default-font-sizes\" data-hspacer=\"no_spacer\"  data-halign=\"left\" style=\"text-align:left\"><div class=\"uvc-heading-spacer no_spacer\" style=\"top\"><\/div><div class=\"uvc-main-heading ult-responsive\"  data-ultimate-target='.uvc-heading.ultimate-heading-21369e74b7bec12a h2'  data-responsive-json-new='{\"font-size\":\"\",\"line-height\":\"\"}' ><h2 style=\"--font-weight:theme;\">Daha Ye\u015fil D\u00fcnya...<\/h2><\/div><\/div>[vc_column_text]Filik Tekstil olarak, s\u00fcrd\u00fcr\u00fclebilir bir \u00e7evre ve daha ye\u015fil bir d\u00fcnya hedefiyle, \u00e7evre politikam\u0131z\u0131 a\u015fa\u011f\u0131daki prensipler do\u011frultusunda \u015fekillendiriyoruz:<\/p>\n<p>Yenilenebilir Enerji Kullan\u0131m\u0131: Operasyonlar\u0131m\u0131zda maksimum d\u00fczeyde ye\u015fil enerji kullan\u0131m\u0131n\u0131 sa\u011flamak i\u00e7in G\u00fcne\u015f Enerji Sistemi (GES) arac\u0131l\u0131\u011f\u0131yla elde edilen elektrik enerjisine g\u00fcveniyor ve do\u011falgaz gibi fosil yak\u0131tlar\u0131n kullan\u0131m\u0131n\u0131 asgari d\u00fczeye indirme taahh\u00fcd\u00fcnde bulunuyoruz.<\/p>\n<p>At\u0131k Y\u00f6netimi ve Geri D\u00f6n\u00fc\u015f\u00fcm: \u00dcretim s\u00fcrecinde ortaya \u00e7\u0131kan at\u0131klar\u0131n azalt\u0131lmas\u0131 ve y\u00f6netilmesi konusunda proaktif ad\u0131mlar at\u0131yor, bu at\u0131klar\u0131 modern teknolojiler kullanarak topluyor ve tekstil sekt\u00f6r\u00fcn\u00fcn di\u011fer alanlar\u0131nda ham madde olarak de\u011ferlendiriyoruz.<\/p>\n<p>S\u00fcrd\u00fcr\u00fclebilirlik Sertifikasyonlar\u0131: Sahip oldu\u011fumuz Global Recycled Standard gibi uluslararas\u0131 kabul g\u00f6rm\u00fc\u015f sertifikalarla, \u00fcretim standartlar\u0131m\u0131z\u0131n ve \u00e7evresel uygulamalar\u0131m\u0131z\u0131n \u015feffafl\u0131\u011f\u0131n\u0131 ve s\u00fcrd\u00fcr\u00fclebilirli\u011fini garanti alt\u0131na al\u0131yoruz.<\/p>\n<p>Enerji Verimlili\u011fi: Proseslerimizde ve tesislerimizde enerji kullan\u0131m\u0131n\u0131 en verimli \u015fekilde y\u00f6netmek i\u00e7in enerji t\u00fcketimini izliyor ve d\u00fczenli olarak enerji verimlili\u011fi hedeflerimizi g\u00f6zden ge\u00e7iriyoruz.<\/p>\n<p>\u00c7evresel Fark\u0131ndal\u0131k ve E\u011fitim: T\u00fcm \u00e7al\u0131\u015fanlar\u0131m\u0131za, tedarik\u00e7ilerimize ve i\u015f ortaklar\u0131m\u0131za \u00e7evresel sorumluluklar konusunda e\u011fitimler sunuyor ve \u00e7evre bilincini te\u015fvik eden bir kurum k\u00fclt\u00fcr\u00fc olu\u015fturuyoruz.<\/p>\n<p>S\u00fcrekli \u0130yile\u015ftirme: \u00c7evresel performans\u0131m\u0131z\u0131 s\u00fcrekli olarak izleyerek ve de\u011ferlendirerek, \u00e7evre y\u00f6netim sistemimizi ve s\u00fcrd\u00fcr\u00fclebilirlik pratiklerimizi s\u00fcrekli olarak geli\u015ftirme taahh\u00fcd\u00fcm\u00fcz\u00fc yerine getiriyoruz.<\/p>\n<p>Bu ilkeler, bizim, Filik Tekstil olarak \u00e7evreye olan derin ba\u011fl\u0131l\u0131\u011f\u0131m\u0131z\u0131 ve gezegenimizi koruma sorumlulu\u011fumuzu yans\u0131tmaktad\u0131r. \u00c7evre politikam\u0131z i\u015f prati\u011fimizin ayr\u0131lmaz bir par\u00e7as\u0131d\u0131r ve bu y\u00f6nde att\u0131\u011f\u0131m\u0131z her ad\u0131mla s\u00fcrd\u00fcr\u00fclebilir bir gelece\u011fi in\u015fa etmeyi ama\u00e7lamaktay\u0131z.[\/vc_column_text][\/vc_column][\/vc_row]<\/p>\n","protected":false},"excerpt":{"rendered":"<p>[vc_row css=&#8221;.vc_custom_1677777810627{margin-top: 50px !important;}&#8221;][vc_column width=&#8221;1\/2&#8243;][vc_single_image image=&#8221;16168&#8243; img_size=&#8221;full&#8221;][\/vc_column][vc_column width=&#8221;1\/2&#8243;][vc_column_text]Filik Tekstil olarak, s\u00fcrd\u00fcr\u00fclebilir bir \u00e7evre ve daha ye\u015fil bir d\u00fcnya hedefiyle, \u00e7evre politikam\u0131z\u0131 a\u015fa\u011f\u0131daki prensipler do\u011frultusunda \u015fekillendiriyoruz: Yenilenebilir Enerji Kullan\u0131m\u0131: Operasyonlar\u0131m\u0131zda maksimum d\u00fczeyde ye\u015fil enerji kullan\u0131m\u0131n\u0131 sa\u011flamak i\u00e7in G\u00fcne\u015f Enerji Sistemi (GES) arac\u0131l\u0131\u011f\u0131yla elde edilen elektrik enerjisine g\u00fcveniyor ve do\u011falgaz gibi fosil yak\u0131tlar\u0131n kullan\u0131m\u0131n\u0131 asgari d\u00fczeye indirme&hellip;<\/p>\n","protected":false},"author":1,"featured_media":0,"parent":0,"menu_order":500,"comment_status":"closed","ping_status":"closed","template":"","meta":{"footnotes":""},"class_list":["post-15548","page","type-page","status-publish","hentry","description-off"],"_links":{"self":[{"href":"https:\/\/filiktekstil.com\/index.php?rest_route=\/wp\/v2\/pages\/15548","targetHints":{"allow":["GET"]}}],"collection":[{"href":"https:\/\/filiktekstil.com\/index.php?rest_route=\/wp\/v2\/pages"}],"about":[{"href":"https:\/\/filiktekstil.com\/index.php?rest_route=\/wp\/v2\/types\/page"}],"author":[{"embeddable":true,"href":"https:\/\/filiktekstil.com\/index.php?rest_route=\/wp\/v2\/users\/1"}],"replies":[{"embeddable":true,"href":"https:\/\/filiktekstil.com\/index.php?rest_route=%2Fwp%2Fv2%2Fcomments&post=15548"}],"version-history":[{"count":24,"href":"https:\/\/filiktekstil.com\/index.php?rest_route=\/wp\/v2\/pages\/15548\/revisions"}],"predecessor-version":[{"id":16170,"href":"https:\/\/filiktekstil.com\/index.php?rest_route=\/wp\/v2\/pages\/15548\/revisions\/16170"}],"wp:attachment":[{"href":"https:\/\/filiktekstil.com\/index.php?rest_route=%2Fwp%2Fv2%2Fmedia&parent=15548"}],"curies":[{"name":"wp","href":"https:\/\/api.w.org\/{rel}","templated":true}]}}