{"id":16118,"date":"2023-10-24T11:46:52","date_gmt":"2023-10-24T08:46:52","guid":{"rendered":"http:\/\/filiktekstil.com\/?page_id=16118"},"modified":"2024-04-30T13:42:41","modified_gmt":"2024-04-30T10:42:41","slug":"felsefemiz","status":"publish","type":"page","link":"https:\/\/filiktekstil.com\/?page_id=16118&lang=tr","title":{"rendered":"FELSEFEM\u0130Z"},"content":{"rendered":"<p>[vc_row css=&#8221;.vc_custom_1677777810627{margin-top: 50px !important;}&#8221;][vc_column width=&#8221;1\/2&#8243;][vc_single_image image=&#8221;16662&#8243; img_size=&#8221;full&#8221;][\/vc_column][vc_column width=&#8221;1\/2&#8243;][vc_column_text]Filik Tekstil, varolu\u015funu sadece kar amac\u0131 g\u00fcden bir kurulu\u015f olmaktan \u00e7ok daha \u00f6te bir anlama ta\u015f\u0131yor; bu, do\u011fayla uyumlu, s\u00fcrd\u00fcr\u00fclebilir bir gelecek vizyonunun somutla\u015fm\u0131\u015f halidir. Mevl\u00fct Filik taraf\u0131ndan at\u0131lan temeller \u00fczerine y\u00fckselen \u015firketin felsefesi, \u00fcretim s\u00fcre\u00e7lerinden i\u015f prati\u011fine, her elyafta ve her bumps&#8217;ta do\u011fay\u0131 koruma bilincini dokuma eylemine ve \u00e7evresel sorumluluk taahh\u00fcd\u00fcne kadar geni\u015f bir yelpazeyi kapsar. Bu, bir i\u015f yapma bi\u00e7imi de\u011fil, d\u00fcnya ile olan ili\u015fkimizin, kaynaklar\u0131n kullan\u0131m\u0131n\u0131n ve end\u00fcstriyel faaliyetlerin s\u00fcrd\u00fcr\u00fclebilir bir bi\u00e7imde y\u00f6netilmesi gerekti\u011fine dair derin bir anlay\u0131\u015f\u0131n yans\u0131mas\u0131d\u0131r.<\/p>\n<p>Filik Tekstil&#8217;in felsefesi, insan\u0131 ve do\u011fay\u0131 merkezine alarak, her iki fabrikas\u0131nda da, geri d\u00f6n\u00fc\u015ft\u00fcr\u00fclm\u00fc\u015f malzemelerle \u00e7al\u0131\u015farak ve s\u00fcrd\u00fcr\u00fclebilirlik prensiplerini i\u015f modelinin temeline yerle\u015ftirerek, tekstil end\u00fcstrisinin geleneksel s\u0131n\u0131rlar\u0131n\u0131 a\u015fmay\u0131 hedefler. \u015eirket, sadece \u00fcr\u00fcnlerin kalitesine odaklanmakla kalmaz, ayn\u0131 zamanda \u00fcretimin her a\u015famas\u0131nda \u00e7evresel etkiyi en aza indirgemeyi ve do\u011fal kaynaklar\u0131n korunmas\u0131n\u0131 sa\u011flamay\u0131 taahh\u00fct eder. Bu, Filik Tekstil&#8217;in sadece bug\u00fcnk\u00fc m\u00fc\u015fterilerine de\u011fil, ayn\u0131 zamanda gelecek nesillere de bor\u00e7lu oldu\u011fu bir sorumluluktur.<\/p>\n<p>Sonu\u00e7 olarak, Filik Tekstil, kendisini bir tekstil \u00fcreticisinin \u00f6tesinde konumland\u0131r\u0131r; o, s\u00fcrd\u00fcr\u00fclebilir bir gelece\u011fin in\u015fa edilmesine katk\u0131da bulunan bir \u00e7evre savunucusudur. Mevl\u00fct Filik ve ekibinin liderli\u011finde, \u015firket, ekolojik dengeyi korurken ekonomik ba\u015far\u0131y\u0131 s\u00fcrd\u00fcrebilece\u011fimiz bir d\u00fcnyan\u0131n m\u00fcmk\u00fcn oldu\u011funa dair g\u00fc\u00e7l\u00fc bir mesaj g\u00f6nderiyor. Bu, sadece i\u015f stratejisi de\u011fil, ayn\u0131 zamanda bir ya\u015fam bi\u00e7imi ve var olu\u015f \u015feklidir.[\/vc_column_text][\/vc_column][\/vc_row][vc_row][vc_column]<div id=\"ultimate-video-85269f7068b50038\" class=\"ult-video  ult-adjust-bottom-margin ultimate-video-85269f7068b50038 ultv-7387 \"><div class=\"ultv-video ultv-aspect-ratio-16_9 ultv-subscribe-responsive-none\" data-videotype=\"uv_iframe\">\n\t\t\t\t\t\t<div class=\"ultv-video__outer-wrap\" data-autoplay=\"0\" data-device=\"false\"  data-iconbg=\"#3A3A3A\" data-overcolor=\"\" data-defaultbg=\"#1f1f1e\" data-defaultplay=\"defaulticon\"><div class=\"ultv-video__play\" data-src=\"https:\/\/www.youtube.com\/embed\/2mwdVboxhuI?rel=0&amp;start&amp;end&amp;controls=1&amp;mute=0&amp;modestbranding=0&amp;autoplay=1\">\n\t\t\t\t\t\t\t\t<img decoding=\"async\" class=\"ultv-video__thumb\" src=\"https:\/\/i.ytimg.com\/vi\/2mwdVboxhuI\/maxresdefault.jpg\"\/>\n\t\t\t\t\t\t\t\t<div class=\"ultv-video__play-icon  ultv-animation-none\" style=\"width:75px\"><svg height=\"100%\" version=\"1.1\" viewBox=\"0 0 68 48\" width=\"100%\"><path class=\"ultv-youtube-icon-bg\" d=\"m .66,37.62 c 0,0 .66,4.70 2.70,6.77 2.58,2.71 5.98,2.63 7.49,2.91 5.43,.52 23.10,.68 23.12,.68 .00,-1.3e-5 14.29,-0.02 23.81,-0.71 1.32,-0.15 4.22,-0.17 6.81,-2.89 2.03,-2.07 2.70,-6.77 2.70,-6.77 0,0 .67,-5.52 .67,-11.04 l 0,-5.17 c 0,-5.52 -0.67,-11.04 -0.67,-11.04 0,0 -0.66,-4.70 -2.70,-6.77 C 62.03,.86 59.13,.84 57.80,.69 48.28,0 34.00,0 34.00,0 33.97,0 19.69,0 10.18,.69 8.85,.84 5.95,.86 3.36,3.58 1.32,5.65 .66,10.35 .66,10.35 c 0,0 -0.55,4.50 -0.66,9.45 l 0,8.36 c .10,4.94 .66,9.45 .66,9.45 z\" fill=\"#1f1f1e\" ><\/path><path d=\"m 26.96,13.67 18.37,9.62 -18.37,9.55 -0.00,-19.17 z\" fill=\"#fff\"><\/path><path d=\"M 45.02,23.46 45.32,23.28 26.96,13.67 43.32,22.34 45.02,23.46 z\" fill=\"#ccc\"><\/path><\/svg><\/div> <\/div> <\/div><\/div><\/div>[\/vc_column][\/vc_row]<\/p>\n","protected":false},"excerpt":{"rendered":"<p>[vc_row css=&#8221;.vc_custom_1677777810627{margin-top: 50px !important;}&#8221;][vc_column width=&#8221;1\/2&#8243;][vc_single_image image=&#8221;16662&#8243; img_size=&#8221;full&#8221;][\/vc_column][vc_column width=&#8221;1\/2&#8243;][vc_column_text]Filik Tekstil, varolu\u015funu sadece kar amac\u0131 g\u00fcden bir kurulu\u015f olmaktan \u00e7ok daha \u00f6te bir anlama ta\u015f\u0131yor; bu, do\u011fayla uyumlu, s\u00fcrd\u00fcr\u00fclebilir bir gelecek vizyonunun somutla\u015fm\u0131\u015f halidir. Mevl\u00fct Filik taraf\u0131ndan at\u0131lan temeller \u00fczerine y\u00fckselen \u015firketin felsefesi, \u00fcretim s\u00fcre\u00e7lerinden i\u015f prati\u011fine, her elyafta ve her bumps&#8217;ta do\u011fay\u0131 koruma bilincini dokuma eylemine&hellip;<\/p>\n","protected":false},"author":1,"featured_media":0,"parent":15380,"menu_order":500,"comment_status":"closed","ping_status":"closed","template":"","meta":{"footnotes":""},"class_list":["post-16118","page","type-page","status-publish","hentry","description-off"],"_links":{"self":[{"href":"https:\/\/filiktekstil.com\/index.php?rest_route=\/wp\/v2\/pages\/16118","targetHints":{"allow":["GET"]}}],"collection":[{"href":"https:\/\/filiktekstil.com\/index.php?rest_route=\/wp\/v2\/pages"}],"about":[{"href":"https:\/\/filiktekstil.com\/index.php?rest_route=\/wp\/v2\/types\/page"}],"author":[{"embeddable":true,"href":"https:\/\/filiktekstil.com\/index.php?rest_route=\/wp\/v2\/users\/1"}],"replies":[{"embeddable":true,"href":"https:\/\/filiktekstil.com\/index.php?rest_route=%2Fwp%2Fv2%2Fcomments&post=16118"}],"version-history":[{"count":3,"href":"https:\/\/filiktekstil.com\/index.php?rest_route=\/wp\/v2\/pages\/16118\/revisions"}],"predecessor-version":[{"id":16670,"href":"https:\/\/filiktekstil.com\/index.php?rest_route=\/wp\/v2\/pages\/16118\/revisions\/16670"}],"up":[{"embeddable":true,"href":"https:\/\/filiktekstil.com\/index.php?rest_route=\/wp\/v2\/pages\/15380"}],"wp:attachment":[{"href":"https:\/\/filiktekstil.com\/index.php?rest_route=%2Fwp%2Fv2%2Fmedia&parent=16118"}],"curies":[{"name":"wp","href":"https:\/\/api.w.org\/{rel}","templated":true}]}}

FELSEFEMİZ

<p>[vc_row css=&#8221;.vc_custom_1677777810627{margin-top: 50px !important;}&#8221;][vc_column width=&#8221;1/2&#8243;][vc_single_image image=&#8221;16662&#8243; img_size=&#8221;full&#8221;][/vc_column][vc_column width=&#8221;1/2&#8243;][vc_column_text]Filik Tekstil, varoluşunu sadece kar amacı güden bir kuruluş olmaktan çok daha öte bir anlama taşıyor; bu, doğayla uyumlu, sürdürülebilir bir gelecek vizyonunun somutlaşmış halidir. Mevlüt Filik tarafından atılan temeller üzerine yükselen şirketin felsefesi, üretim süreçlerinden iş pratiğine, her elyafta ve her bumps&#8217;ta doğayı koruma bilincini dokuma eylemine ve çevresel sorumluluk taahhüdüne kadar geniş bir yelpazeyi kapsar. Bu, bir iş yapma biçimi değil, dünya ile olan ilişkimizin, kaynakların kullanımının ve endüstriyel faaliyetlerin sürdürülebilir bir biçimde yönetilmesi gerektiğine dair derin bir anlayışın yansımasıdır.</p>
<p>Filik Tekstil&#8217;in felsefesi, insanı ve doğayı merkezine alarak, her iki fabrikasında da, geri dönüştürülmüş malzemelerle çalışarak ve sürdürülebilirlik prensiplerini iş modelinin temeline yerleştirerek, tekstil endüstrisinin geleneksel sınırlarını aşmayı hedefler. Şirket, sadece ürünlerin kalitesine odaklanmakla kalmaz, aynı zamanda üretimin her aşamasında çevresel etkiyi en aza indirgemeyi ve doğal kaynakların korunmasını sağlamayı taahhüt eder. Bu, Filik Tekstil&#8217;in sadece bugünkü müşterilerine değil, aynı zamanda gelecek nesillere de borçlu olduğu bir sorumluluktur.</p>
<p>Sonuç olarak, Filik Tekstil, kendisini bir tekstil üreticisinin ötesinde konumlandırır; o, sürdürülebilir bir geleceğin inşa edilmesine katkıda bulunan bir çevre savunucusudur. Mevlüt Filik ve ekibinin liderliğinde, şirket, ekolojik dengeyi korurken ekonomik başarıyı sürdürebileceğimiz bir dünyanın mümkün olduğuna dair güçlü bir mesaj gönderiyor. Bu, sadece iş stratejisi değil, aynı zamanda bir yaşam biçimi ve var oluş şeklidir.[/vc_column_text][/vc_column][/vc_row][vc_row][vc_column]<div id="ultimate-video-85269f7068b50038" class="ult-video  ult-adjust-bottom-margin ultimate-video-85269f7068b50038 ultv-7387 "><div class="ultv-video ultv-aspect-ratio-16_9 ultv-subscribe-responsive-none" data-videotype="uv_iframe">
						<div class="ultv-video__outer-wrap" data-autoplay="0" data-device="false"  data-iconbg="#3A3A3A" data-overcolor="" data-defaultbg="#1f1f1e" data-defaultplay="defaulticon"><div class="ultv-video__play" data-src="https://www.youtube.com/embed/2mwdVboxhuI?rel=0&amp;start&amp;end&amp;controls=1&amp;mute=0&amp;modestbranding=0&amp;autoplay=1">
								<img decoding="async" class="ultv-video__thumb" src="https://i.ytimg.com/vi/2mwdVboxhuI/maxresdefault.jpg"/>
								<div class="ultv-video__play-icon  ultv-animation-none" style="width:75px"><svg height="100%" version="1.1" viewBox="0 0 68 48" width="100%"><path class="ultv-youtube-icon-bg" d="m .66,37.62 c 0,0 .66,4.70 2.70,6.77 2.58,2.71 5.98,2.63 7.49,2.91 5.43,.52 23.10,.68 23.12,.68 .00,-1.3e-5 14.29,-0.02 23.81,-0.71 1.32,-0.15 4.22,-0.17 6.81,-2.89 2.03,-2.07 2.70,-6.77 2.70,-6.77 0,0 .67,-5.52 .67,-11.04 l 0,-5.17 c 0,-5.52 -0.67,-11.04 -0.67,-11.04 0,0 -0.66,-4.70 -2.70,-6.77 C 62.03,.86 59.13,.84 57.80,.69 48.28,0 34.00,0 34.00,0 33.97,0 19.69,0 10.18,.69 8.85,.84 5.95,.86 3.36,3.58 1.32,5.65 .66,10.35 .66,10.35 c 0,0 -0.55,4.50 -0.66,9.45 l 0,8.36 c .10,4.94 .66,9.45 .66,9.45 z" fill="#1f1f1e" ></path><path d="m 26.96,13.67 18.37,9.62 -18.37,9.55 -0.00,-19.17 z" fill="#fff"></path><path d="M 45.02,23.46 45.32,23.28 26.96,13.67 43.32,22.34 45.02,23.46 z" fill="#ccc"></path></svg></div> </div> </div></div></div>[/vc_column][/vc_row]</p>

<p>[vc_row css=&#8221;.vc_custom_1677777810627{margin-top: 50px !important;}&#8221;][vc_column width=&#8221;1/2&#8243;][vc_single_image image=&#8221;16662&#8243; img_size=&#8221;full&#8221;][/vc_column][vc_column width=&#8221;1/2&#8243;][vc_column_text]Filik Tekstil, varoluşunu sadece kar amacı güden bir kuruluş olmaktan çok daha öte bir anlama taşıyor; bu, doğayla uyumlu, sürdürülebilir bir gelecek vizyonunun somutlaşmış halidir. Mevlüt Filik tarafından atılan temeller üzerine yükselen şirketin felsefesi, üretim süreçlerinden iş pratiğine, her elyafta ve her bumps&#8217;ta doğayı koruma bilincini dokuma eylemine&hellip;</p>
