{"id":16514,"date":"2024-04-27T00:12:15","date_gmt":"2024-04-26T21:12:15","guid":{"rendered":"http:\/\/filiktekstil.com\/?page_id=16514"},"modified":"2024-04-30T13:42:25","modified_gmt":"2024-04-30T10:42:25","slug":"nossa-filosofia","status":"publish","type":"page","link":"https:\/\/filiktekstil.com\/?page_id=16514&lang=pt","title":{"rendered":"NOSSA FILOSOFIA"},"content":{"rendered":"<p>[vc_row css=&#8221;.vc_custom_1677777810627{margin-top: 50px !important;}&#8221;][vc_column width=&#8221;1\/2&#8243;][vc_single_image image=&#8221;16662&#8243; img_size=&#8221;full&#8221;][\/vc_column][vc_column width=&#8221;1\/2&#8243;][vc_column_text]Filik T\u00eaxtil transcende a no\u00e7\u00e3o de ser apenas uma organiza\u00e7\u00e3o orientada para o lucro; ela incorpora uma vis\u00e3o de um futuro sustent\u00e1vel em harmonia com a natureza. Fundada sobre os princ\u00edpios estabelecidos por Mevl\u00fct Filik, a filosofia da empresa abrange um amplo espectro desde processos de produ\u00e7\u00e3o at\u00e9 pr\u00e1ticas comerciais, tecendo uma consci\u00eancia de preserva\u00e7\u00e3o da natureza em cada fibra e bump, e comprometendo-se com a responsabilidade ambiental. Isso n\u00e3o \u00e9 apenas uma forma de fazer neg\u00f3cios, mas um reflexo de nossa rela\u00e7\u00e3o com o mundo, a gest\u00e3o de recursos e o manejo sustent\u00e1vel de atividades industriais.<\/p>\n<p>A filosofia da Filik T\u00eaxtil se concentra nas pessoas e na natureza, trabalhando com materiais reciclados em ambas as suas f\u00e1bricas e incorporando princ\u00edpios de sustentabilidade no cerne de seu modelo de neg\u00f3cios. A empresa n\u00e3o apenas foca na qualidade de seus produtos, mas tamb\u00e9m se compromete a minimizar o impacto ambiental em cada etapa da produ\u00e7\u00e3o e garantir a conserva\u00e7\u00e3o dos recursos naturais. Este \u00e9 um dever que a Filik T\u00eaxtil deve n\u00e3o s\u00f3 aos seus clientes atuais, mas tamb\u00e9m \u00e0s futuras gera\u00e7\u00f5es.<\/p>\n<p>Como resultado, a Filik T\u00eaxtil se posiciona al\u00e9m de um fabricante t\u00eaxtil; ela \u00e9 uma defensora da constru\u00e7\u00e3o de um futuro sustent\u00e1vel. Sob a lideran\u00e7a de Mevl\u00fct Filik e sua equipe, a empresa envia uma mensagem forte de que um mundo onde o equil\u00edbrio ecol\u00f3gico e o sucesso econ\u00f4mico podem coexistir \u00e9 poss\u00edvel. Isso n\u00e3o \u00e9 apenas uma estrat\u00e9gia de neg\u00f3cios, mas tamb\u00e9m um modo de vida e uma forma de exist\u00eancia.[\/vc_column_text][\/vc_column][\/vc_row][vc_row][vc_column]<div id=\"ultimate-video-132569e3745ed5219\" class=\"ult-video  ult-adjust-bottom-margin ultimate-video-132569e3745ed5219 ultv-2066 \"><div class=\"ultv-video ultv-aspect-ratio-16_9 ultv-subscribe-responsive-none\" data-videotype=\"uv_iframe\">\n\t\t\t\t\t\t<div class=\"ultv-video__outer-wrap\" data-autoplay=\"0\" data-device=\"false\"  data-iconbg=\"#3A3A3A\" data-overcolor=\"\" data-defaultbg=\"#1f1f1e\" data-defaultplay=\"defaulticon\"><div class=\"ultv-video__play\" data-src=\"https:\/\/www.youtube.com\/embed\/2mwdVboxhuI?rel=0&amp;start&amp;end&amp;controls=1&amp;mute=0&amp;modestbranding=0&amp;autoplay=1\">\n\t\t\t\t\t\t\t\t<img decoding=\"async\" class=\"ultv-video__thumb\" src=\"https:\/\/i.ytimg.com\/vi\/2mwdVboxhuI\/maxresdefault.jpg\"\/>\n\t\t\t\t\t\t\t\t<div class=\"ultv-video__play-icon  ultv-animation-none\" style=\"width:75px\"><svg height=\"100%\" version=\"1.1\" viewBox=\"0 0 68 48\" width=\"100%\"><path class=\"ultv-youtube-icon-bg\" d=\"m .66,37.62 c 0,0 .66,4.70 2.70,6.77 2.58,2.71 5.98,2.63 7.49,2.91 5.43,.52 23.10,.68 23.12,.68 .00,-1.3e-5 14.29,-0.02 23.81,-0.71 1.32,-0.15 4.22,-0.17 6.81,-2.89 2.03,-2.07 2.70,-6.77 2.70,-6.77 0,0 .67,-5.52 .67,-11.04 l 0,-5.17 c 0,-5.52 -0.67,-11.04 -0.67,-11.04 0,0 -0.66,-4.70 -2.70,-6.77 C 62.03,.86 59.13,.84 57.80,.69 48.28,0 34.00,0 34.00,0 33.97,0 19.69,0 10.18,.69 8.85,.84 5.95,.86 3.36,3.58 1.32,5.65 .66,10.35 .66,10.35 c 0,0 -0.55,4.50 -0.66,9.45 l 0,8.36 c .10,4.94 .66,9.45 .66,9.45 z\" fill=\"#1f1f1e\" ><\/path><path d=\"m 26.96,13.67 18.37,9.62 -18.37,9.55 -0.00,-19.17 z\" fill=\"#fff\"><\/path><path d=\"M 45.02,23.46 45.32,23.28 26.96,13.67 43.32,22.34 45.02,23.46 z\" fill=\"#ccc\"><\/path><\/svg><\/div> <\/div> <\/div><\/div><\/div>[\/vc_column][\/vc_row]<\/p>\n","protected":false},"excerpt":{"rendered":"<p>[vc_row css=&#8221;.vc_custom_1677777810627{margin-top: 50px !important;}&#8221;][vc_column width=&#8221;1\/2&#8243;][vc_single_image image=&#8221;16662&#8243; img_size=&#8221;full&#8221;][\/vc_column][vc_column width=&#8221;1\/2&#8243;][vc_column_text]Filik T\u00eaxtil transcende a no\u00e7\u00e3o de ser apenas uma organiza\u00e7\u00e3o orientada para o lucro; ela incorpora uma vis\u00e3o de um futuro sustent\u00e1vel em harmonia com a natureza. Fundada sobre os princ\u00edpios estabelecidos por Mevl\u00fct Filik, a filosofia da empresa abrange um amplo espectro desde processos de produ\u00e7\u00e3o at\u00e9&hellip;<\/p>\n","protected":false},"author":1,"featured_media":0,"parent":16512,"menu_order":500,"comment_status":"closed","ping_status":"closed","template":"","meta":{"footnotes":""},"class_list":["post-16514","page","type-page","status-publish","hentry","description-off"],"_links":{"self":[{"href":"https:\/\/filiktekstil.com\/index.php?rest_route=\/wp\/v2\/pages\/16514","targetHints":{"allow":["GET"]}}],"collection":[{"href":"https:\/\/filiktekstil.com\/index.php?rest_route=\/wp\/v2\/pages"}],"about":[{"href":"https:\/\/filiktekstil.com\/index.php?rest_route=\/wp\/v2\/types\/page"}],"author":[{"embeddable":true,"href":"https:\/\/filiktekstil.com\/index.php?rest_route=\/wp\/v2\/users\/1"}],"replies":[{"embeddable":true,"href":"https:\/\/filiktekstil.com\/index.php?rest_route=%2Fwp%2Fv2%2Fcomments&post=16514"}],"version-history":[{"count":2,"href":"https:\/\/filiktekstil.com\/index.php?rest_route=\/wp\/v2\/pages\/16514\/revisions"}],"predecessor-version":[{"id":16669,"href":"https:\/\/filiktekstil.com\/index.php?rest_route=\/wp\/v2\/pages\/16514\/revisions\/16669"}],"up":[{"embeddable":true,"href":"https:\/\/filiktekstil.com\/index.php?rest_route=\/wp\/v2\/pages\/16512"}],"wp:attachment":[{"href":"https:\/\/filiktekstil.com\/index.php?rest_route=%2Fwp%2Fv2%2Fmedia&parent=16514"}],"curies":[{"name":"wp","href":"https:\/\/api.w.org\/{rel}","templated":true}]}}