{"id":16573,"date":"2024-04-27T00:48:02","date_gmt":"2024-04-26T21:48:02","guid":{"rendered":"http:\/\/filiktekstil.com\/?page_id=16573"},"modified":"2024-05-02T12:38:15","modified_gmt":"2024-05-02T09:38:15","slug":"pagina-principal","status":"publish","type":"page","link":"https:\/\/filiktekstil.com\/?page_id=16573&lang=es","title":{"rendered":"Fibra Regenerada de Filik Textile para la Moda"},"content":{"rendered":"<p>[vc_row][vc_column css=&#8221;.vc_custom_1680736042722{margin-top: 35px !important;margin-bottom: 12px !important;}&#8221;][vc_single_image image=&#8221;16147&#8243; img_size=&#8221;full&#8221; alignment=&#8221;center&#8221;][\/vc_column][\/vc_row][vc_row full_width=&#8221;stretch_row&#8221; css=&#8221;.vc_custom_1714151761198{background-color: #38b44a !important;background-position: 0 0 !important;background-repeat: no-repeat !important;}&#8221;][vc_column width=&#8221;1\/3&#8243;]<div class=\"stats-block stats-top  \"><div class=\"aio-icon-top\"><div class=\"ult-just-icon-wrapper  \"><div class=\"align-icon\" style=\"text-align:center;\"><\/div><\/div><\/div><div class=\"stats-desc\" id=\"counter-responsv-wrap-8023\"><div id=\"counter_348186858969e35e65f1a13\" data-id=\"counter_348186858969e35e65f1a13\"  data-ultimate-target='#counter-responsv-wrap-8023 .stats-number'  data-responsive-json-new='{\"font-size\":\"\",\"line-height\":\"\"}'  class=\"stats-number ult-responsive\" style=\"font-size:28px; color:#ffffff; color:#ffffff;\" data-speed=\"3\" data-counter-value=\"12000\" data-separator=\".\" data-decimal=\".\">0<\/div><div class=\"counter_suffix mycust ult-responsive\"  data-ultimate-target='#counter-responsv-wrap-8023 .mycust'  data-responsive-json-new='{\"font-size\":\"\",\"line-height\":\"\"}'  style=\"font-size:28px; color:#ffffff\">m2<\/div><div id=\"counter_348186858969e35e65f1a13\"  data-ultimate-target='#counter-responsv-wrap-8023 .stats-text'  data-responsive-json-new='{\"font-size\":\"\",\"line-height\":\"\"}'  class=\"stats-text ult-responsive\" style=\"font-size:18px; color:#ffffff; font-family:&#039;Fira Sans&#039;;font-weight:500;\">\u00c1rea de Operaciones<\/div><\/div><\/div>[\/vc_column][vc_column width=&#8221;1\/3&#8243;]<div class=\"stats-block stats-top  \"><div class=\"aio-icon-top\"><div class=\"ult-just-icon-wrapper  \"><div class=\"align-icon\" style=\"text-align:center;\"><\/div><\/div><\/div><div class=\"stats-desc\" id=\"counter-responsv-wrap-4747\"><div id=\"counter_385504351269e35e65f1ae0\" data-id=\"counter_385504351269e35e65f1ae0\"  data-ultimate-target='#counter-responsv-wrap-4747 .stats-number'  data-responsive-json-new='{\"font-size\":\"\",\"line-height\":\"\"}'  class=\"stats-number ult-responsive\" style=\"font-size:28px; color:#ffffff; color:#ffffff;\" data-speed=\"3\" data-counter-value=\"900000\" data-separator=\".\" data-decimal=\".\">0<\/div><div class=\"counter_suffix mycust ult-responsive\"  data-ultimate-target='#counter-responsv-wrap-4747 .mycust'  data-responsive-json-new='{\"font-size\":\"\",\"line-height\":\"\"}'  style=\"font-size:28px; color:#ffffff\">Kg\/mes<\/div><div id=\"counter_385504351269e35e65f1ae0\"  data-ultimate-target='#counter-responsv-wrap-4747 .stats-text'  data-responsive-json-new='{\"font-size\":\"\",\"line-height\":\"\"}'  class=\"stats-text ult-responsive\" style=\"font-size:18px; color:#ffffff; font-family:&#039;Fira Sans&#039;;font-weight:500;\">Producci\u00f3n de Fibra<\/div><\/div><\/div>[\/vc_column][vc_column width=&#8221;1\/3&#8243;]<div class=\"stats-block stats-top  \"><div class=\"aio-icon-top\"><div class=\"ult-just-icon-wrapper  \"><div class=\"align-icon\" style=\"text-align:center;\"><\/div><\/div><\/div><div class=\"stats-desc\" id=\"counter-responsv-wrap-3541\"><div id=\"counter_182638085069e35e65f1b71\" data-id=\"counter_182638085069e35e65f1b71\"  data-ultimate-target='#counter-responsv-wrap-3541 .stats-number'  data-responsive-json-new='{\"font-size\":\"\",\"line-height\":\"\"}'  class=\"stats-number ult-responsive\" style=\"font-size:28px; color:#ffffff; color:#ffffff;\" data-speed=\"3\" data-counter-value=\"120000\" data-separator=\".\" data-decimal=\".\">0<\/div><div class=\"counter_suffix mycust ult-responsive\"  data-ultimate-target='#counter-responsv-wrap-3541 .mycust'  data-responsive-json-new='{\"font-size\":\"\",\"line-height\":\"\"}'  style=\"font-size:28px; color:#ffffff\">Kg\/mes<\/div><div id=\"counter_182638085069e35e65f1b71\"  data-ultimate-target='#counter-responsv-wrap-3541 .stats-text'  data-responsive-json-new='{\"font-size\":\"\",\"line-height\":\"\"}'  class=\"stats-text ult-responsive\" style=\"font-size:18px; color:#ffffff; font-family:&#039;Fira Sans&#039;;font-weight:500;\">Producci\u00f3n de Bumps<\/div><\/div><\/div>[\/vc_column][\/vc_row][vc_row full_width=&#8221;stretch_row_content_no_spaces&#8221; css=&#8221;.vc_custom_1680735788947{margin-top: -35px !important;background-position: 0 0 !important;background-repeat: no-repeat !important;}&#8221;][vc_column width=&#8221;1\/2&#8243; css=&#8221;.vc_custom_1680740108640{padding-top: 75px !important;padding-left: 75px !important;}&#8221; offset=&#8221;vc_hidden-md vc_hidden-sm vc_hidden-xs&#8221;][vc_raw_html]JTNDaWZyYW1lJTIwd2lkdGglM0QlMjIxMDAlMjUlMjIlMjBoZWlnaHQlM0QlMjI0MjAlMjIlMjBzcmMlM0QlMjJodHRwcyUzQSUyRiUyRnd3dy55b3V0dWJlLmNvbSUyRmVtYmVkJTJGMm13ZFZib3hodUklM0ZzaSUzRE9Gd3ZfYldfRjEydDhCWEYlMjIlMjB0aXRsZSUzRCUyMllvdVR1YmUlMjB2aWRlbyUyMHBsYXllciUyMiUyMGZyYW1lYm9yZGVyJTNEJTIyMCUyMiUyMGFsbG93JTNEJTIyYWNjZWxlcm9tZXRlciUzQiUyMGF1dG9wbGF5JTNCJTIwY2xpcGJvYXJkLXdyaXRlJTNCJTIwZW5jcnlwdGVkLW1lZGlhJTNCJTIwZ3lyb3Njb3BlJTNCJTIwcGljdHVyZS1pbi1waWN0dXJlJTNCJTIwd2ViLXNoYXJlJTIyJTIwcmVmZXJyZXJwb2xpY3klM0QlMjJzdHJpY3Qtb3JpZ2luLXdoZW4tY3Jvc3Mtb3JpZ2luJTIyJTIwYWxsb3dmdWxsc2NyZWVuJTNFJTNDJTJGaWZyYW1lJTNF[\/vc_raw_html][\/vc_column][vc_column width=&#8221;1\/2&#8243; offset=&#8221;vc_hidden-md vc_hidden-sm vc_hidden-xs&#8221;][vc_column_text el_class=&#8221;yasla&#8221; css=&#8221;.vc_custom_1714168187684{padding-top: 25px !important;padding-right: 75px !important;padding-bottom: 75px !important;padding-left: 75px !important;}&#8221;]Filik Textil fue un sue\u00f1o que brot\u00f3 en 2008 a trav\u00e9s de la visi\u00f3n de Mevl\u00fct Filik. Esta visi\u00f3n no se limitaba simplemente a establecer una empresa; tambi\u00e9n inclu\u00eda construir las bases de un futuro sostenible en armon\u00eda con la naturaleza. En cada fibra y cada bulto, tejemos no solo calidad sino tambi\u00e9n una conciencia de preservar la naturaleza.<\/p>\n<p>Bajo el liderazgo de Mevl\u00fct Filik, con los vientos de institucionalizaci\u00f3n y crecimiento en 2019, fortalecimos nuestro objetivo de contribuir no solo a nuestra industria sino tambi\u00e9n a un mundo m\u00e1s verde. Con nuestra segunda f\u00e1brica abierta en 2021, llevamos la sostenibilidad a nuestro n\u00facleo y aumentamos a\u00fan m\u00e1s nuestra producci\u00f3n de fibras recicladas.<\/p>\n<p>Nuestra primera f\u00e1brica ocupa 3,758 m\u00b2 de espacio cerrado. Aqu\u00ed, utilizando fibras sint\u00e9ticas y naturales como acr\u00edlico reciclado, poli\u00e9ster, algod\u00f3n y lana, aprovechamos al m\u00e1ximo los valores que la naturaleza ofrece. Nuestra segunda f\u00e1brica alberga 12,000 m\u00b2 de espacios abiertos y cerrados, enfatizando la importancia de la sostenibilidad con la producci\u00f3n de bultos de fibras recicladas.<\/p>\n<p>Junto a Mevl\u00fct Filik en la gesti\u00f3n, con Murat Filik y Berkay Filik, continuamos liderando el camino en el mundo textil con un enfoque que est\u00e1 en armon\u00eda con la naturaleza. Ya sea a nivel nacional o internacional, desde hilos hasta su\u00e9teres, desde mantas hasta calcetines, puedes ver los rastros de sostenibilidad y preservaci\u00f3n de la naturaleza en la fibra de Filik.<\/p>\n<p>Con m\u00e1s de 100 valiosos empleados, nuestra capacidad de producci\u00f3n de 900,000 KG de fibra y 120,000 KG de bultos por mes juega un papel activo no solo en la industria textil, sino tambi\u00e9n en la construcci\u00f3n de un mundo m\u00e1s verde y sostenible. Filik Textil, latiendo al ritmo de la naturaleza, construye un futuro sostenible para la naturaleza y la humanidad, m\u00e1s all\u00e1 de ser simplemente una empresa.[\/vc_column_text][\/vc_column][\/vc_row][vc_row css=&#8221;.vc_custom_1680740230031{background-position: 0 0 !important;background-repeat: no-repeat !important;}&#8221;][vc_column width=&#8221;1\/2&#8243; offset=&#8221;vc_hidden-lg&#8221; css=&#8221;.vc_custom_1680740281810{margin-top: 35px !important;}&#8221;][vc_raw_html]JTNDaWZyYW1lJTIwd2lkdGglM0QlMjIxMDAlMjUlMjIlMjBoZWlnaHQlM0QlMjI0MjAlMjIlMjBzcmMlM0QlMjJodHRwcyUzQSUyRiUyRnd3dy55b3V0dWJlLmNvbSUyRmVtYmVkJTJGMm13ZFZib3hodUklM0ZzaSUzRE9Gd3ZfYldfRjEydDhCWEYlMjIlMjB0aXRsZSUzRCUyMllvdVR1YmUlMjB2aWRlbyUyMHBsYXllciUyMiUyMGZyYW1lYm9yZGVyJTNEJTIyMCUyMiUyMGFsbG93JTNEJTIyYWNjZWxlcm9tZXRlciUzQiUyMGF1dG9wbGF5JTNCJTIwY2xpcGJvYXJkLXdyaXRlJTNCJTIwZW5jcnlwdGVkLW1lZGlhJTNCJTIwZ3lyb3Njb3BlJTNCJTIwcGljdHVyZS1pbi1waWN0dXJlJTNCJTIwd2ViLXNoYXJlJTIyJTIwcmVmZXJyZXJwb2xpY3klM0QlMjJzdHJpY3Qtb3JpZ2luLXdoZW4tY3Jvc3Mtb3JpZ2luJTIyJTIwYWxsb3dmdWxsc2NyZWVuJTNFJTNDJTJGaWZyYW1lJTNF[\/vc_raw_html][\/vc_column][vc_column width=&#8221;1\/2&#8243; offset=&#8221;vc_hidden-lg&#8221; css=&#8221;.vc_custom_1680740266473{margin-top: -35px !important;}&#8221;][vc_column_text el_class=&#8221;yasla&#8221; css=&#8221;.vc_custom_1714168191916{padding-top: 25px !important;padding-right: 25px !important;padding-bottom: 25px !important;padding-left: 25px !important;}&#8221;]Filik Textil fue un sue\u00f1o que brot\u00f3 en 2008 a trav\u00e9s de la visi\u00f3n de Mevl\u00fct Filik. Esta visi\u00f3n no se limitaba simplemente a establecer una empresa; tambi\u00e9n inclu\u00eda construir las bases de un futuro sostenible en armon\u00eda con la naturaleza. En cada fibra y cada bulto, tejemos no solo calidad sino tambi\u00e9n una conciencia de preservar la naturaleza.<\/p>\n<p>Bajo el liderazgo de Mevl\u00fct Filik, con los vientos de institucionalizaci\u00f3n y crecimiento en 2019, fortalecimos nuestro objetivo de contribuir no solo a nuestra industria sino tambi\u00e9n a un mundo m\u00e1s verde. Con nuestra segunda f\u00e1brica abierta en 2021, llevamos la sostenibilidad a nuestro n\u00facleo y aumentamos a\u00fan m\u00e1s nuestra producci\u00f3n de fibras recicladas.<\/p>\n<p>Nuestra primera f\u00e1brica ocupa 3,758 m\u00b2 de espacio cerrado. Aqu\u00ed, utilizando fibras sint\u00e9ticas y naturales como acr\u00edlico reciclado, poli\u00e9ster, algod\u00f3n y lana, aprovechamos al m\u00e1ximo los valores que la naturaleza ofrece. Nuestra segunda f\u00e1brica alberga 12,000 m\u00b2 de espacios abiertos y cerrados, enfatizando la importancia de la sostenibilidad con la producci\u00f3n de bultos de fibras recicladas.<\/p>\n<p>Junto a Mevl\u00fct Filik en la gesti\u00f3n, con Murat Filik y Berkay Filik, continuamos liderando el camino en el mundo textil con un enfoque que est\u00e1 en armon\u00eda con la naturaleza. Ya sea a nivel nacional o internacional, desde hilos hasta su\u00e9teres, desde mantas hasta calcetines, puedes ver los rastros de sostenibilidad y preservaci\u00f3n de la naturaleza en la fibra de Filik.<\/p>\n<p>Con m\u00e1s de 100 valiosos empleados, nuestra capacidad de producci\u00f3n de 900,000 KG de fibra y 120,000 KG de bultos por mes juega un papel activo no solo en la industria textil, sino tambi\u00e9n en la construcci\u00f3n de un mundo m\u00e1s verde y sostenible. Filik Textil, latiendo al ritmo de la naturaleza, construye un futuro sostenible para la naturaleza y la humanidad, m\u00e1s all\u00e1 de ser simplemente una empresa.[\/vc_column_text][\/vc_column][\/vc_row]<\/p>\n","protected":false},"excerpt":{"rendered":"<p>[vc_row][vc_column css=&#8221;.vc_custom_1680736042722{margin-top: 35px !important;margin-bottom: 12px !important;}&#8221;][vc_single_image image=&#8221;16147&#8243; img_size=&#8221;full&#8221; alignment=&#8221;center&#8221;][\/vc_column][\/vc_row][vc_row full_width=&#8221;stretch_row&#8221; css=&#8221;.vc_custom_1714151761198{background-color: #38b44a !important;background-position: 0 0 !important;background-repeat: no-repeat !important;}&#8221;][vc_column width=&#8221;1\/3&#8243;][\/vc_column][vc_column width=&#8221;1\/3&#8243;][\/vc_column][vc_column width=&#8221;1\/3&#8243;][\/vc_column][\/vc_row][vc_row full_width=&#8221;stretch_row_content_no_spaces&#8221; css=&#8221;.vc_custom_1680735788947{margin-top: -35px !important;background-position: 0 0 !important;background-repeat: no-repeat !important;}&#8221;][vc_column width=&#8221;1\/2&#8243; css=&#8221;.vc_custom_1680740108640{padding-top: 75px !important;padding-left: 75px !important;}&#8221; offset=&#8221;vc_hidden-md vc_hidden-sm vc_hidden-xs&#8221;][vc_raw_html]JTNDaWZyYW1lJTIwd2lkdGglM0QlMjIxMDAlMjUlMjIlMjBoZWlnaHQlM0QlMjI0MjAlMjIlMjBzcmMlM0QlMjJodHRwcyUzQSUyRiUyRnd3dy55b3V0dWJlLmNvbSUyRmVtYmVkJTJGMm13ZFZib3hodUklM0ZzaSUzRE9Gd3ZfYldfRjEydDhCWEYlMjIlMjB0aXRsZSUzRCUyMllvdVR1YmUlMjB2aWRlbyUyMHBsYXllciUyMiUyMGZyYW1lYm9yZGVyJTNEJTIyMCUyMiUyMGFsbG93JTNEJTIyYWNjZWxlcm9tZXRlciUzQiUyMGF1dG9wbGF5JTNCJTIwY2xpcGJvYXJkLXdyaXRlJTNCJTIwZW5jcnlwdGVkLW1lZGlhJTNCJTIwZ3lyb3Njb3BlJTNCJTIwcGljdHVyZS1pbi1waWN0dXJlJTNCJTIwd2ViLXNoYXJlJTIyJTIwcmVmZXJyZXJwb2xpY3klM0QlMjJzdHJpY3Qtb3JpZ2luLXdoZW4tY3Jvc3Mtb3JpZ2luJTIyJTIwYWxsb3dmdWxsc2NyZWVuJTNFJTNDJTJGaWZyYW1lJTNF[\/vc_raw_html][\/vc_column][vc_column width=&#8221;1\/2&#8243; offset=&#8221;vc_hidden-md vc_hidden-sm vc_hidden-xs&#8221;][vc_column_text el_class=&#8221;yasla&#8221; css=&#8221;.vc_custom_1714168187684{padding-top: 25px !important;padding-right: 75px !important;padding-bottom: 75px !important;padding-left: 75px !important;}&#8221;]Filik Textil fue&hellip;<\/p>\n","protected":false},"author":1,"featured_media":0,"parent":0,"menu_order":0,"comment_status":"closed","ping_status":"closed","template":"","meta":{"footnotes":""},"class_list":["post-16573","page","type-page","status-publish","hentry","description-off"],"_links":{"self":[{"href":"https:\/\/filiktekstil.com\/index.php?rest_route=\/wp\/v2\/pages\/16573","targetHints":{"allow":["GET"]}}],"collection":[{"href":"https:\/\/filiktekstil.com\/index.php?rest_route=\/wp\/v2\/pages"}],"about":[{"href":"https:\/\/filiktekstil.com\/index.php?rest_route=\/wp\/v2\/types\/page"}],"author":[{"embeddable":true,"href":"https:\/\/filiktekstil.com\/index.php?rest_route=\/wp\/v2\/users\/1"}],"replies":[{"embeddable":true,"href":"https:\/\/filiktekstil.com\/index.php?rest_route=%2Fwp%2Fv2%2Fcomments&post=16573"}],"version-history":[{"count":5,"href":"https:\/\/filiktekstil.com\/index.php?rest_route=\/wp\/v2\/pages\/16573\/revisions"}],"predecessor-version":[{"id":16678,"href":"https:\/\/filiktekstil.com\/index.php?rest_route=\/wp\/v2\/pages\/16573\/revisions\/16678"}],"wp:attachment":[{"href":"https:\/\/filiktekstil.com\/index.php?rest_route=%2Fwp%2Fv2%2Fmedia&parent=16573"}],"curies":[{"name":"wp","href":"https:\/\/api.w.org\/{rel}","templated":true}]}}