{"id":834,"date":"2014-03-18T09:49:29","date_gmt":"2014-03-18T09:49:29","guid":{"rendered":"http:\/\/the7.dream-demo.com\/business\/?page_id=2"},"modified":"2024-05-02T12:33:34","modified_gmt":"2024-05-02T09:33:34","slug":"ana-sayfa","status":"publish","type":"page","link":"https:\/\/filiktekstil.com\/?page_id=834&lang=tr","title":{"rendered":"Filik Textile Regenerated Fiber For Fashion"},"content":{"rendered":"<p>[vc_row][vc_column css=&#8221;.vc_custom_1680736042722{margin-top: 35px !important;margin-bottom: 12px !important;}&#8221;][vc_single_image image=&#8221;16147&#8243; img_size=&#8221;full&#8221; alignment=&#8221;center&#8221;][\/vc_column][\/vc_row][vc_row full_width=&#8221;stretch_row&#8221; css=&#8221;.vc_custom_1714151761198{background-color: #38b44a !important;background-position: 0 0 !important;background-repeat: no-repeat !important;}&#8221;][vc_column width=&#8221;1\/3&#8243;]<div class=\"stats-block stats-top  \"><div class=\"aio-icon-top\"><div class=\"ult-just-icon-wrapper  \"><div class=\"align-icon\" style=\"text-align:center;\"><\/div><\/div><\/div><div class=\"stats-desc\" id=\"counter-responsv-wrap-3932\"><div id=\"counter_228050025169e4e8e7bba52\" data-id=\"counter_228050025169e4e8e7bba52\"  data-ultimate-target='#counter-responsv-wrap-3932 .stats-number'  data-responsive-json-new='{\"font-size\":\"\",\"line-height\":\"\"}'  class=\"stats-number ult-responsive\" style=\"font-size:28px; color:#ffffff; color:#ffffff;\" data-speed=\"3\" data-counter-value=\"12000\" data-separator=\".\" data-decimal=\".\">0<\/div><div class=\"counter_suffix mycust ult-responsive\"  data-ultimate-target='#counter-responsv-wrap-3932 .mycust'  data-responsive-json-new='{\"font-size\":\"\",\"line-height\":\"\"}'  style=\"font-size:28px; color:#ffffff\">m2<\/div><div id=\"counter_228050025169e4e8e7bba52\"  data-ultimate-target='#counter-responsv-wrap-3932 .stats-text'  data-responsive-json-new='{\"font-size\":\"\",\"line-height\":\"\"}'  class=\"stats-text ult-responsive\" style=\"font-size:18px; color:#ffffff; font-family:&#039;Fira Sans&#039;;font-weight:500;\">Faaliyet Alan\u0131<\/div><\/div><\/div>[\/vc_column][vc_column width=&#8221;1\/3&#8243;]<div class=\"stats-block stats-top  \"><div class=\"aio-icon-top\"><div class=\"ult-just-icon-wrapper  \"><div class=\"align-icon\" style=\"text-align:center;\"><\/div><\/div><\/div><div class=\"stats-desc\" id=\"counter-responsv-wrap-6494\"><div id=\"counter_408278683669e4e8e7bbb98\" data-id=\"counter_408278683669e4e8e7bbb98\"  data-ultimate-target='#counter-responsv-wrap-6494 .stats-number'  data-responsive-json-new='{\"font-size\":\"\",\"line-height\":\"\"}'  class=\"stats-number ult-responsive\" style=\"font-size:28px; color:#ffffff; color:#ffffff;\" data-speed=\"3\" data-counter-value=\"900000\" data-separator=\".\" data-decimal=\".\">0<\/div><div class=\"counter_suffix mycust ult-responsive\"  data-ultimate-target='#counter-responsv-wrap-6494 .mycust'  data-responsive-json-new='{\"font-size\":\"\",\"line-height\":\"\"}'  style=\"font-size:28px; color:#ffffff\">Kg\/Ay<\/div><div id=\"counter_408278683669e4e8e7bbb98\"  data-ultimate-target='#counter-responsv-wrap-6494 .stats-text'  data-responsive-json-new='{\"font-size\":\"\",\"line-height\":\"\"}'  class=\"stats-text ult-responsive\" style=\"font-size:18px; color:#ffffff; font-family:&#039;Fira Sans&#039;;font-weight:500;\">Elyaf \u00dcretimi<\/div><\/div><\/div>[\/vc_column][vc_column width=&#8221;1\/3&#8243;]<div class=\"stats-block stats-top  \"><div class=\"aio-icon-top\"><div class=\"ult-just-icon-wrapper  \"><div class=\"align-icon\" style=\"text-align:center;\"><\/div><\/div><\/div><div class=\"stats-desc\" id=\"counter-responsv-wrap-9546\"><div id=\"counter_86127506469e4e8e7bbc76\" data-id=\"counter_86127506469e4e8e7bbc76\"  data-ultimate-target='#counter-responsv-wrap-9546 .stats-number'  data-responsive-json-new='{\"font-size\":\"\",\"line-height\":\"\"}'  class=\"stats-number ult-responsive\" style=\"font-size:28px; color:#ffffff; color:#ffffff;\" data-speed=\"3\" data-counter-value=\"120000\" data-separator=\".\" data-decimal=\".\">0<\/div><div class=\"counter_suffix mycust ult-responsive\"  data-ultimate-target='#counter-responsv-wrap-9546 .mycust'  data-responsive-json-new='{\"font-size\":\"\",\"line-height\":\"\"}'  style=\"font-size:28px; color:#ffffff\">Kg\/Ay<\/div><div id=\"counter_86127506469e4e8e7bbc76\"  data-ultimate-target='#counter-responsv-wrap-9546 .stats-text'  data-responsive-json-new='{\"font-size\":\"\",\"line-height\":\"\"}'  class=\"stats-text ult-responsive\" style=\"font-size:18px; color:#ffffff; font-family:&#039;Fira Sans&#039;;font-weight:500;\">Bumps \u00dcretimi<\/div><\/div><\/div>[\/vc_column][\/vc_row][vc_row full_width=&#8221;stretch_row_content_no_spaces&#8221; css=&#8221;.vc_custom_1680735788947{margin-top: -35px !important;background-position: 0 0 !important;background-repeat: no-repeat !important;}&#8221;][vc_column width=&#8221;1\/2&#8243; css=&#8221;.vc_custom_1680740108640{padding-top: 75px !important;padding-left: 75px !important;}&#8221; offset=&#8221;vc_hidden-md vc_hidden-sm vc_hidden-xs&#8221;][vc_raw_html]JTNDaWZyYW1lJTIwd2lkdGglM0QlMjIxMDAlMjUlMjIlMjBoZWlnaHQlM0QlMjI0MjAlMjIlMjBzcmMlM0QlMjJodHRwcyUzQSUyRiUyRnd3dy55b3V0dWJlLmNvbSUyRmVtYmVkJTJGMm13ZFZib3hodUklM0ZzaSUzRE9Gd3ZfYldfRjEydDhCWEYlMjIlMjB0aXRsZSUzRCUyMllvdVR1YmUlMjB2aWRlbyUyMHBsYXllciUyMiUyMGZyYW1lYm9yZGVyJTNEJTIyMCUyMiUyMGFsbG93JTNEJTIyYWNjZWxlcm9tZXRlciUzQiUyMGF1dG9wbGF5JTNCJTIwY2xpcGJvYXJkLXdyaXRlJTNCJTIwZW5jcnlwdGVkLW1lZGlhJTNCJTIwZ3lyb3Njb3BlJTNCJTIwcGljdHVyZS1pbi1waWN0dXJlJTNCJTIwd2ViLXNoYXJlJTIyJTIwcmVmZXJyZXJwb2xpY3klM0QlMjJzdHJpY3Qtb3JpZ2luLXdoZW4tY3Jvc3Mtb3JpZ2luJTIyJTIwYWxsb3dmdWxsc2NyZWVuJTNFJTNDJTJGaWZyYW1lJTNF[\/vc_raw_html][\/vc_column][vc_column width=&#8221;1\/2&#8243; offset=&#8221;vc_hidden-md vc_hidden-sm vc_hidden-xs&#8221;][vc_column_text el_class=&#8221;yasla&#8221; css=&#8221;.vc_custom_1698176041917{padding-top: 25px !important;padding-right: 75px !important;padding-bottom: 75px !important;padding-left: 75px !important;}&#8221;]Filik Tekstil, 2008 y\u0131l\u0131nda Mevl\u00fct Filik&#8217;in vizyonu ile ye\u015feren bir hayaldi. Bu vizyon, sadece bir firma kurmakla s\u0131n\u0131rl\u0131 de\u011fildi; do\u011fa ile uyum i\u00e7inde, s\u00fcrd\u00fcr\u00fclebilir bir gelece\u011fin temellerini atmay\u0131 da i\u00e7eriyordu. Biz, her elyafta, her bumps&#8217;ta, sadece kaliteyi de\u011fil, ayn\u0131 zamanda do\u011fay\u0131 koruma bilincini de dokuyoruz.<\/p>\n<p>Mevl\u00fct Filik&#8217;in \u00f6nderli\u011finde, 2019&#8217;da kurumsalla\u015fma ve b\u00fcy\u00fcme r\u00fczgarlar\u0131yla sadece end\u00fcstrimize de\u011fil, ayn\u0131 zamanda daha ye\u015fil bir d\u00fcnyaya katk\u0131da bulunma hedefimizi de g\u00fc\u00e7lendirdik. 2021&#8217;de a\u00e7\u0131lan ikinci fabrikam\u0131zla, s\u00fcrd\u00fcr\u00fclebilirli\u011fi merkezimize alarak, geri d\u00f6n\u00fc\u015ft\u00fcr\u00fclm\u00fc\u015f elyaf \u00fcretimimizi daha da art\u0131rd\u0131k.<\/p>\n<p>\u0130lk fabrikam\u0131z, 3758 m\u00b2 kapal\u0131 alana sahiptir. Burada, geri d\u00f6n\u00fc\u015ft\u00fcr\u00fclm\u00fc\u015f akrilik, polyester, pamuk ve y\u00fcn gibi sentetik ve do\u011fal elyaflarla, do\u011fan\u0131n bize sundu\u011fu de\u011ferleri en iyi \u015fekilde de\u011ferlendiriyoruz. \u0130kinci fabrikam\u0131z ise 12.000 m\u00b2 a\u00e7\u0131k ve kapal\u0131 alana ev sahipli\u011fi yaparak, geri d\u00f6n\u00fc\u015ft\u00fcr\u00fclm\u00fc\u015f elyaftan bumps \u00fcretimiyle s\u00fcrd\u00fcr\u00fclebilirli\u011fin \u00f6nemini bir kez daha vurguluyor.<\/p>\n<p>Y\u00f6netimde Mevl\u00fct Filik&#8217;in yan\u0131 s\u0131ra Murat Filik ve Berkay Filik ile birlikte, tekstilin sonsuz d\u00fcnyas\u0131nda do\u011fayla uyumlu bir yakla\u015f\u0131m\u0131n \u00f6nc\u00fcs\u00fc olmaya devam ediyoruz. \u0130ster yurt i\u00e7i olsun ister yurt d\u0131\u015f\u0131, iplikten kazaklara, battaniyeden \u00e7oraplara kadar her t\u00fcrl\u00fc tekstil \u00fcr\u00fcn\u00fcnde, s\u00fcrd\u00fcr\u00fclebilirli\u011fin ve do\u011fan\u0131n korunmas\u0131n\u0131n izlerini, Filik elyaf\u0131nda g\u00f6rebilirsiniz.<\/p>\n<p>100\u2019den fazla de\u011ferli \u00e7al\u0131\u015fan\u0131m\u0131zla, her ay 900.000 KG elyaf ve 120.000 KG bumps \u00fcretim kapasitemizle, sadece tekstil d\u00fcnyas\u0131nda de\u011fil, ayn\u0131 zamanda daha ye\u015fil ve s\u00fcrd\u00fcr\u00fclebilir bir d\u00fcnyan\u0131n in\u015fas\u0131nda da aktif bir rol oynuyoruz. Filik Tekstil, do\u011fan\u0131n ritmiyle birlikte atarak, sadece bir firma olman\u0131n \u00f6tesinde, do\u011fa ve insan i\u00e7in s\u00fcrd\u00fcr\u00fclebilir bir gelecek in\u015fa ediyor.[\/vc_column_text][\/vc_column][\/vc_row][vc_row css=&#8221;.vc_custom_1680740230031{background-position: 0 0 !important;background-repeat: no-repeat !important;}&#8221;][vc_column width=&#8221;1\/2&#8243; offset=&#8221;vc_hidden-lg&#8221; css=&#8221;.vc_custom_1680740281810{margin-top: 35px !important;}&#8221;][vc_raw_html]JTNDaWZyYW1lJTIwd2lkdGglM0QlMjIxMDAlMjUlMjIlMjBoZWlnaHQlM0QlMjI0MjAlMjIlMjBzcmMlM0QlMjJodHRwcyUzQSUyRiUyRnd3dy55b3V0dWJlLmNvbSUyRmVtYmVkJTJGMm13ZFZib3hodUklM0ZzaSUzRE9Gd3ZfYldfRjEydDhCWEYlMjIlMjB0aXRsZSUzRCUyMllvdVR1YmUlMjB2aWRlbyUyMHBsYXllciUyMiUyMGZyYW1lYm9yZGVyJTNEJTIyMCUyMiUyMGFsbG93JTNEJTIyYWNjZWxlcm9tZXRlciUzQiUyMGF1dG9wbGF5JTNCJTIwY2xpcGJvYXJkLXdyaXRlJTNCJTIwZW5jcnlwdGVkLW1lZGlhJTNCJTIwZ3lyb3Njb3BlJTNCJTIwcGljdHVyZS1pbi1waWN0dXJlJTNCJTIwd2ViLXNoYXJlJTIyJTIwcmVmZXJyZXJwb2xpY3klM0QlMjJzdHJpY3Qtb3JpZ2luLXdoZW4tY3Jvc3Mtb3JpZ2luJTIyJTIwYWxsb3dmdWxsc2NyZWVuJTNFJTNDJTJGaWZyYW1lJTNF[\/vc_raw_html][\/vc_column][vc_column width=&#8221;1\/2&#8243; offset=&#8221;vc_hidden-lg&#8221; css=&#8221;.vc_custom_1680740266473{margin-top: -35px !important;}&#8221;][vc_column_text el_class=&#8221;yasla&#8221; css=&#8221;.vc_custom_1698137346927{padding-top: 25px !important;padding-right: 25px !important;padding-bottom: 25px !important;padding-left: 25px !important;}&#8221;]Filik Tekstil, 2008 y\u0131l\u0131nda Mevl\u00fct Filik&#8217;in vizyonu ile ye\u015feren bir hayaldi. Bu vizyon, sadece bir firma kurmakla s\u0131n\u0131rl\u0131 de\u011fildi; do\u011fa ile uyum i\u00e7inde, s\u00fcrd\u00fcr\u00fclebilir bir gelece\u011fin temellerini atmay\u0131 da i\u00e7eriyordu. Biz, her elyafta, her bumps&#8217;ta, sadece kaliteyi de\u011fil, ayn\u0131 zamanda do\u011fay\u0131 koruma bilincini de dokuyoruz.<\/p>\n<p>Mevl\u00fct Filik&#8217;in \u00f6nderli\u011finde, 2019&#8217;da kurumsalla\u015fma ve b\u00fcy\u00fcme r\u00fczgarlar\u0131yla sadece end\u00fcstrimize de\u011fil, ayn\u0131 zamanda daha ye\u015fil bir d\u00fcnyaya katk\u0131da bulunma hedefimizi de g\u00fc\u00e7lendirdik. 2021&#8217;de a\u00e7\u0131lan ikinci fabrikam\u0131zla, s\u00fcrd\u00fcr\u00fclebilirli\u011fi merkezimize alarak, geri d\u00f6n\u00fc\u015ft\u00fcr\u00fclm\u00fc\u015f elyaf \u00fcretimimizi daha da art\u0131rd\u0131k.<\/p>\n<p>\u0130lk fabrikam\u0131z, 3758 m\u00b2 kapal\u0131 alana sahiptir. Burada, geri d\u00f6n\u00fc\u015ft\u00fcr\u00fclm\u00fc\u015f akrilik, polyester, pamuk ve y\u00fcn gibi sentetik ve do\u011fal elyaflarla, do\u011fan\u0131n bize sundu\u011fu de\u011ferleri en iyi \u015fekilde de\u011ferlendiriyoruz. \u0130kinci fabrikam\u0131z ise 12.000 m\u00b2 a\u00e7\u0131k ve kapal\u0131 alana ev sahipli\u011fi yaparak, geri d\u00f6n\u00fc\u015ft\u00fcr\u00fclm\u00fc\u015f elyaftan bumps \u00fcretimiyle s\u00fcrd\u00fcr\u00fclebilirli\u011fin \u00f6nemini bir kez daha vurguluyor.<\/p>\n<p>Y\u00f6netimde Mevl\u00fct Filik&#8217;in yan\u0131 s\u0131ra Murat Filik ve Berkay Filik ile birlikte, tekstilin sonsuz d\u00fcnyas\u0131nda do\u011fayla uyumlu bir yakla\u015f\u0131m\u0131n \u00f6nc\u00fcs\u00fc olmaya devam ediyoruz. \u0130ster yurt i\u00e7i olsun ister yurt d\u0131\u015f\u0131, iplikten kazaklara, battaniyeden \u00e7oraplara kadar her t\u00fcrl\u00fc tekstil \u00fcr\u00fcn\u00fcnde, s\u00fcrd\u00fcr\u00fclebilirli\u011fin ve do\u011fan\u0131n korunmas\u0131n\u0131n izlerini, Filik elyaf\u0131nda g\u00f6rebilirsiniz.<\/p>\n<p>100\u2019den fazla de\u011ferli \u00e7al\u0131\u015fan\u0131m\u0131zla, her ay 900.000 KG elyaf ve 120.000 KG bumps \u00fcretim kapasitemizle, sadece tekstil d\u00fcnyas\u0131nda de\u011fil, ayn\u0131 zamanda daha ye\u015fil ve s\u00fcrd\u00fcr\u00fclebilir bir d\u00fcnyan\u0131n in\u015fas\u0131nda da aktif bir rol oynuyoruz. Filik Tekstil, do\u011fan\u0131n ritmiyle birlikte atarak, sadece bir firma olman\u0131n \u00f6tesinde, do\u011fa ve insan i\u00e7in s\u00fcrd\u00fcr\u00fclebilir bir gelecek in\u015fa ediyor.[\/vc_column_text][\/vc_column][\/vc_row]<\/p>\n","protected":false},"excerpt":{"rendered":"<p>[vc_row][vc_column css=&#8221;.vc_custom_1680736042722{margin-top: 35px !important;margin-bottom: 12px !important;}&#8221;][vc_single_image image=&#8221;16147&#8243; img_size=&#8221;full&#8221; alignment=&#8221;center&#8221;][\/vc_column][\/vc_row][vc_row full_width=&#8221;stretch_row&#8221; css=&#8221;.vc_custom_1714151761198{background-color: #38b44a !important;background-position: 0 0 !important;background-repeat: no-repeat !important;}&#8221;][vc_column width=&#8221;1\/3&#8243;][\/vc_column][vc_column width=&#8221;1\/3&#8243;][\/vc_column][vc_column width=&#8221;1\/3&#8243;][\/vc_column][\/vc_row][vc_row full_width=&#8221;stretch_row_content_no_spaces&#8221; css=&#8221;.vc_custom_1680735788947{margin-top: -35px !important;background-position: 0 0 !important;background-repeat: no-repeat !important;}&#8221;][vc_column width=&#8221;1\/2&#8243; css=&#8221;.vc_custom_1680740108640{padding-top: 75px !important;padding-left: 75px !important;}&#8221; offset=&#8221;vc_hidden-md vc_hidden-sm vc_hidden-xs&#8221;][vc_raw_html]JTNDaWZyYW1lJTIwd2lkdGglM0QlMjIxMDAlMjUlMjIlMjBoZWlnaHQlM0QlMjI0MjAlMjIlMjBzcmMlM0QlMjJodHRwcyUzQSUyRiUyRnd3dy55b3V0dWJlLmNvbSUyRmVtYmVkJTJGMm13ZFZib3hodUklM0ZzaSUzRE9Gd3ZfYldfRjEydDhCWEYlMjIlMjB0aXRsZSUzRCUyMllvdVR1YmUlMjB2aWRlbyUyMHBsYXllciUyMiUyMGZyYW1lYm9yZGVyJTNEJTIyMCUyMiUyMGFsbG93JTNEJTIyYWNjZWxlcm9tZXRlciUzQiUyMGF1dG9wbGF5JTNCJTIwY2xpcGJvYXJkLXdyaXRlJTNCJTIwZW5jcnlwdGVkLW1lZGlhJTNCJTIwZ3lyb3Njb3BlJTNCJTIwcGljdHVyZS1pbi1waWN0dXJlJTNCJTIwd2ViLXNoYXJlJTIyJTIwcmVmZXJyZXJwb2xpY3klM0QlMjJzdHJpY3Qtb3JpZ2luLXdoZW4tY3Jvc3Mtb3JpZ2luJTIyJTIwYWxsb3dmdWxsc2NyZWVuJTNFJTNDJTJGaWZyYW1lJTNF[\/vc_raw_html][\/vc_column][vc_column width=&#8221;1\/2&#8243; offset=&#8221;vc_hidden-md vc_hidden-sm vc_hidden-xs&#8221;][vc_column_text el_class=&#8221;yasla&#8221; css=&#8221;.vc_custom_1698176041917{padding-top: 25px !important;padding-right: 75px !important;padding-bottom: 75px !important;padding-left: 75px !important;}&#8221;]Filik Tekstil, 2008&hellip;<\/p>\n","protected":false},"author":1,"featured_media":0,"parent":0,"menu_order":0,"comment_status":"closed","ping_status":"closed","template":"","meta":{"footnotes":""},"class_list":["post-834","page","type-page","status-publish","hentry","description-off"],"_links":{"self":[{"href":"https:\/\/filiktekstil.com\/index.php?rest_route=\/wp\/v2\/pages\/834","targetHints":{"allow":["GET"]}}],"collection":[{"href":"https:\/\/filiktekstil.com\/index.php?rest_route=\/wp\/v2\/pages"}],"about":[{"href":"https:\/\/filiktekstil.com\/index.php?rest_route=\/wp\/v2\/types\/page"}],"author":[{"embeddable":true,"href":"https:\/\/filiktekstil.com\/index.php?rest_route=\/wp\/v2\/users\/1"}],"replies":[{"embeddable":true,"href":"https:\/\/filiktekstil.com\/index.php?rest_route=%2Fwp%2Fv2%2Fcomments&post=834"}],"version-history":[{"count":160,"href":"https:\/\/filiktekstil.com\/index.php?rest_route=\/wp\/v2\/pages\/834\/revisions"}],"predecessor-version":[{"id":16675,"href":"https:\/\/filiktekstil.com\/index.php?rest_route=\/wp\/v2\/pages\/834\/revisions\/16675"}],"wp:attachment":[{"href":"https:\/\/filiktekstil.com\/index.php?rest_route=%2Fwp%2Fv2%2Fmedia&parent=834"}],"curies":[{"name":"wp","href":"https:\/\/api.w.org\/{rel}","templated":true}]}}